{"id":1693,"date":"2021-07-29T09:44:11","date_gmt":"2021-07-29T06:44:11","guid":{"rendered":"http:\/\/restauranteodissei.es\/?page_id=1693"},"modified":"2021-07-29T09:48:01","modified_gmt":"2021-07-29T06:48:01","slug":"privacy-policy-es","status":"publish","type":"page","link":"https:\/\/restauranteodissei.es\/?page_id=1693","title":{"rendered":"Privacy Policy &#8212; Es"},"content":{"rendered":"\t\t<div data-elementor-type=\"wp-page\" data-elementor-id=\"1693\" class=\"elementor elementor-1693\" data-elementor-settings=\"[]\">\n\t\t\t\t\t\t\t<div class=\"elementor-section-wrap\">\n\t\t\t\t\t\t\t<section class=\"elementor-section elementor-top-section elementor-element elementor-element-64c3dc47 elementor-section-boxed elementor-section-height-default elementor-section-height-default\" data-id=\"64c3dc47\" data-element_type=\"section\">\n\t\t\t\t\t\t<div class=\"elementor-container elementor-column-gap-default\">\n\t\t\t\t\t<div class=\"elementor-column elementor-col-100 elementor-top-column elementor-element elementor-element-2f83f2cd\" data-id=\"2f83f2cd\" data-element_type=\"column\">\n\t\t\t<div class=\"elementor-widget-wrap elementor-element-populated\">\n\t\t\t\t\t\t\t\t<div class=\"elementor-element elementor-element-e4f5e64 elementor-widget elementor-widget-text-editor\" data-id=\"e4f5e64\" data-element_type=\"widget\" data-widget_type=\"text-editor.default\">\n\t\t\t\t<div class=\"elementor-widget-container\">\n\t\t\t\t\t\t\t\t<!-- wp:paragraph -->\n<h2>POL\u00cdTICA DE PRIVACIDAD<\/h2>\n<!-- \/wp:paragraph --><!-- wp:paragraph -->\n<p><br \/>I. RESPONSABLE DEL TRATAMIENTO<br \/>Datos de contacto del responsable: Maria Gastiunina (en adelante ODISSEI) con NIF Y5633982P domicilio en C\/ Calle Francisco de Cossio 10, 29004 M\u00e1laga<br \/>Datos de contacto en Protecci\u00f3n de Datos: puede contactar en la direcci\u00f3n postal antes se\u00f1alada y\/o a trav\u00e9s de correo electr\u00f3nico: odisei100686@yandex.ru<\/p>\n<!-- \/wp:paragraph --><!-- wp:paragraph -->\n<p><br \/>II. CONSENTIMIENTO DEL USUARIO:<br \/>Se entender\u00e1 que el usuario acepta las condiciones establecidas desde el momento que se registra en la web. Por ello, la cumplimentaci\u00f3n de nuestro formulario de registro supone el consentimiento inequ\u00edvoco, por parte del usuario, al tratamiento automatizado de los datos de acuerdo con las condiciones de privacidad de ODISSEI. Los datos recabados son los adecuados, pertinentes y no excesivos en relaci\u00f3n con el \u00e1mbito y las finalidades determinadas. No obstante lo anterior, dicho consentimiento podr\u00e1 ser revocado en cualquier momento por el interesado, d\u00e1ndose de baja por cualquiera de los medios puestos a disposici\u00f3n del usuario.<\/p>\n<!-- \/wp:paragraph --><!-- wp:paragraph -->\n<p><br \/>III. FINALIDADES DEL TRATAMIENTO DE LOS DATOS.<br \/>\u00bfCon que finalidad tratamos sus datos personales?<br \/>Recogemos informaci\u00f3n personal necesaria para dar respuesta a las solicitudes de informaci\u00f3n de los usuarios.<br \/>\u00bfEn qu\u00e9 supuestos se solicitan datos personales?<br \/>\u2022 En caso de contrataci\u00f3n de los servicios ofertados a trav\u00e9s de la p\u00e1gina web, para mantener la relaci\u00f3n contractual, as\u00ed como la gesti\u00f3n, administraci\u00f3n, informaci\u00f3n, prestaci\u00f3n y mejora del servicio o entrar en las \u00e1reas de acceso restringido.<br \/>\u2022 Env\u00edo de informaci\u00f3n solicitada a trav\u00e9s de los formularios dispuestos en la p\u00e1gina web.<br \/>\u2022 Remitir boletines, as\u00ed como comunicaciones comerciales de promociones y\/o publicidad de la p\u00e1gina web y del sector.<br \/>\u00bfQu\u00e9 uso le daremos a la informaci\u00f3n personal que utilicemos?:<br \/>\u2022 Para la atenci\u00f3n al cliente y prestar servicios de seguimiento.<br \/>\u00bfDurante cu\u00e1nto plazo conservaremos sus datos?<br \/>El periodo de conservaci\u00f3n de los datos personales variar\u00e1 en funci\u00f3n del servicio que pueda llegar a contratar. En cualquier caso, se conservar\u00e1n sus datos durante la vigencia de la<br \/>relaci\u00f3n contractual. Una vez finalizada \u00e9sta, mantendremos sus datos bloqueados durante los plazos de prescripci\u00f3n de las obligaciones que hayan podido nacer del tratamiento y\/o los plazos legales aplicables, quedando a disposici\u00f3n de las autoridades competentes, para la atenci\u00f3n de las posibles responsabilidades nacidas del tratamiento.<\/p>\n<p><br \/>IV. LEGITIMACI\u00d3N<br \/>Tratamos tus datos sobre la base jur\u00eddica de prestarte la informaci\u00f3n o servicios que nos solicite.<br \/>En otros casos puede que sea necesario para la ejecuci\u00f3n de un contrato que celebra con nosotros, tambi\u00e9n basados en un inter\u00e9s leg\u00edtimo.<br \/>En cada uno de los casos, tendr\u00e1 plenos derechos sobre sus datos personales y sobre el uso de los mismos y podr\u00e1 ejercitarlos en cualquier momento.<br \/>El env\u00edo de datos de car\u00e1cter personal es obligatorio para contactar y poder atender la petici\u00f3n que nos haga llegar. Asimismo, el no facilitar los datos personales solicitados o el no aceptar la presente pol\u00edtica de privacidad supone la imposibilidad de procesar las solicitudes realizadas en esta web.<\/p>\n<p><br \/>V. DESTINATARIOS<br \/>\u00bfA qui\u00e9nes cedemos sus datos?<br \/>NAPOLI no ceder\u00e1 sus datos, excepto a Organismos P\u00fablicos competentes, Agencia Tributaria, Fuerzas y Cuerpos de Seguridad del Estado, Jueces y Tribunales, cuando tenga la obligaci\u00f3n legal de facilitarlos.<\/p>\n<p><br \/>VI. DERECHOS DE PROTECCI\u00d3N DE DATOS<br \/>\u00bfC\u00f3mo se pueden ejercitar los derechos?<br \/>Le informamos que podr\u00e1 ejercer sus derechos de acceso, rectificaci\u00f3n, oposici\u00f3n, supresi\u00f3n, limitaci\u00f3n del tratamiento y portabilidad dirigi\u00e9ndose por escrito al Responsable en el domicilio indicado anteriormente o a la direcci\u00f3n de correo electr\u00f3nico gialone1@hotmail.com<br \/>Le recordamos asimismo que puede oponerse al env\u00edo de comunicaciones comerciales por cualquier v\u00eda y en cualquier momento, remitiendo un correo electr\u00f3nico a la direcci\u00f3n antedicha.<br \/>Si considera que su solicitud no se ha atendido correctamente o sus datos no se est\u00e1n tratando de modo adecuado puede dirigir sus reclamaciones a la Agencia Espa\u00f1ola de Protecci\u00f3n de Datos, organismo de control de la materia en Espa\u00f1a.<\/p>\n<p><br \/>VII. MENORES DE EDAD<br \/>Los contenidos de la p\u00e1gina web no est\u00e1n dirigidos a menores de 14 a\u00f1os. En todo caso, ODISSEI tomar\u00e1 todas las medidas posibles para comprobar la edad de los usuarios, pero no puede hacerse responsable de cualquier incumplimiento en este sentido.<\/p>\n<p><br \/>VIII. NIVEL DE SEGURIDAD<br \/>ODISSEI implantar\u00e1 las medidas de seguridad t\u00e9cnicas y organizativas necesarias para garantizar la seguridad de los datos de car\u00e1cter personal de acuerdo con lo preceptuado en el REGLAMENTO (UE) 2016\/679 DEL PARLAMENTO EUROPEO Y DEL CONSEJO de 27 de abril de 2016 (RGPD), evitando de esta forma la p\u00e9rdida, alteraci\u00f3n y acceso no autorizado a los mismos.<\/p>\n<p><br \/>IX. CONFIDENCIALIDAD<br \/>Los datos personales que se puedan recoger ser\u00e1n tratados con absoluta confidencialidad, comprometi\u00e9ndonos a guardar secreto respecto de los mismos y garantizando el deber de guardarlos adoptando todas las medidas necesarias que eviten su alteraci\u00f3n, p\u00e9rdida y tratamiento o acceso no autorizado, de acuerdo con lo establecido en la legislaci\u00f3n aplicable.<\/p>\n<p><br \/>X. RESPONSABILIDAD<br \/>El usuario ser\u00e1 el \u00fanico responsable a causa de la cumplimentaci\u00f3n de los formularios con datos falsos, inexactos, incompletos o no actualizados.<\/p>\n<p><br \/>XI. MODIFICACI\u00d3N DE LA POL\u00cdTICA DE PRIVACIDAD<br \/>ODISSEI se reserva el derecho a modificar su Pol\u00edtica de Privacidad, de acuerdo a su propio criterio, o motivado especialmente por cambios legislativos, jurisprudenciales o doctrinales de la Agencia Espa\u00f1ola de Protecci\u00f3n de Datos.<br \/>Cualquier modificaci\u00f3n de la Pol\u00edtica de Privacidad ser\u00e1 publicada con al menos diez d\u00edas de antelaci\u00f3n antes de su efectiva aplicaci\u00f3n. El uso de la Web despu\u00e9s de dichos cambios implicar\u00e1 la aceptaci\u00f3n de estos.<\/p>\n<!-- \/wp:paragraph -->\t\t\t\t\t\t<\/div>\n\t\t\t\t<\/div>\n\t\t\t\t\t<\/div>\n\t\t<\/div>\n\t\t\t\t\t\t\t<\/div>\n\t\t<\/section>\n\t\t\t\t\t\t<\/div>\n\t\t\t\t\t<\/div>\n\t\t","protected":false},"excerpt":{"rendered":"<p>POL\u00cdTICA DE PRIVACIDAD I. RESPONSABLE DEL TRATAMIENTODatos de contacto del responsable: Maria Gastiunina (en adelante ODISSEI) con NIF Y5633982P domicilio en C\/ Calle Francisco de Cossio 10, 29004 M\u00e1lagaDatos de contacto en Protecci\u00f3n de Datos: puede contactar en la direcci\u00f3n postal antes se\u00f1alada y\/o a trav\u00e9s de correo electr\u00f3nico: odisei100686@yandex.ru II. CONSENTIMIENTO DEL USUARIO:Se entender\u00e1 [&hellip;]<\/p>\n","protected":false},"author":2,"featured_media":0,"parent":1656,"menu_order":0,"comment_status":"closed","ping_status":"closed","template":"elementor_header_footer","meta":{"footnotes":""},"class_list":["post-1693","page","type-page","status-publish","hentry"],"yoast_head":"<!-- This site is optimized with the Yoast SEO plugin v27.5 - https:\/\/yoast.com\/product\/yoast-seo-wordpress\/ -->\n<title>Restaurante Odissei<\/title>\n<meta name=\"description\" content=\"Cocina georgiana. Grill restaurante. Comida de Georgia en M\u00e1laga. Asador.\" \/>\n<meta name=\"robots\" content=\"index, follow, max-snippet:-1, max-image-preview:large, max-video-preview:-1\" \/>\n<link rel=\"canonical\" href=\"https:\/\/restauranteodissei.es\/?page_id=1693\" \/>\n<meta property=\"og:locale\" content=\"ru_RU\" \/>\n<meta property=\"og:type\" content=\"article\" \/>\n<meta property=\"og:title\" content=\"Restaurante Odissei\" \/>\n<meta property=\"og:description\" content=\"Cocina georgiana. Grill restaurante. Comida de Georgia en M\u00e1laga. Asador.\" \/>\n<meta property=\"og:url\" content=\"https:\/\/restauranteodissei.es\/?page_id=1693\" \/>\n<meta property=\"og:site_name\" content=\"Restaurante Odissei\" \/>\n<meta property=\"article:publisher\" content=\"https:\/\/www.facebook.com\/groups\/1592865247608490\/user\/100045490943863\" \/>\n<meta property=\"article:modified_time\" content=\"2021-07-29T06:48:01+00:00\" \/>\n<meta name=\"twitter:card\" content=\"summary_large_image\" \/>\n<meta name=\"twitter:label1\" content=\"\u041f\u0440\u0438\u043c\u0435\u0440\u043d\u043e\u0435 \u0432\u0440\u0435\u043c\u044f \u0434\u043b\u044f \u0447\u0442\u0435\u043d\u0438\u044f\" \/>\n\t<meta name=\"twitter:data1\" content=\"5 \u043c\u0438\u043d\u0443\u0442\" \/>\n<script type=\"application\/ld+json\" class=\"yoast-schema-graph\">{\"@context\":\"https:\\\/\\\/schema.org\",\"@graph\":[{\"@type\":\"WebPage\",\"@id\":\"https:\\\/\\\/restauranteodissei.es\\\/?page_id=1693\",\"url\":\"https:\\\/\\\/restauranteodissei.es\\\/?page_id=1693\",\"name\":\"Restaurante Odissei\",\"isPartOf\":{\"@id\":\"https:\\\/\\\/restauranteodissei.es\\\/#website\"},\"datePublished\":\"2021-07-29T06:44:11+00:00\",\"dateModified\":\"2021-07-29T06:48:01+00:00\",\"description\":\"Cocina georgiana. Grill restaurante. Comida de Georgia en M\u00e1laga. Asador.\",\"breadcrumb\":{\"@id\":\"https:\\\/\\\/restauranteodissei.es\\\/?page_id=1693#breadcrumb\"},\"inLanguage\":\"ru-RU\",\"potentialAction\":[{\"@type\":\"ReadAction\",\"target\":[\"https:\\\/\\\/restauranteodissei.es\\\/?page_id=1693\"]}]},{\"@type\":\"BreadcrumbList\",\"@id\":\"https:\\\/\\\/restauranteodissei.es\\\/?page_id=1693#breadcrumb\",\"itemListElement\":[{\"@type\":\"ListItem\",\"position\":1,\"name\":\"\u0413\u043b\u0430\u0432\u043d\u0430\u044f \u0441\u0442\u0440\u0430\u043d\u0438\u0446\u0430\",\"item\":\"https:\\\/\\\/restauranteodissei.es\\\/\"},{\"@type\":\"ListItem\",\"position\":2,\"name\":\"Restaurante Odissei\",\"item\":\"https:\\\/\\\/restauranteodissei.es\\\/\"},{\"@type\":\"ListItem\",\"position\":3,\"name\":\"Privacy Policy &#8212; Es\"}]},{\"@type\":\"WebSite\",\"@id\":\"https:\\\/\\\/restauranteodissei.es\\\/#website\",\"url\":\"https:\\\/\\\/restauranteodissei.es\\\/\",\"name\":\"Restaurante Odissei\",\"description\":\"Comida de Georgia en M\u00e1laga\",\"publisher\":{\"@id\":\"https:\\\/\\\/restauranteodissei.es\\\/#organization\"},\"potentialAction\":[{\"@type\":\"SearchAction\",\"target\":{\"@type\":\"EntryPoint\",\"urlTemplate\":\"https:\\\/\\\/restauranteodissei.es\\\/?s={search_term_string}\"},\"query-input\":{\"@type\":\"PropertyValueSpecification\",\"valueRequired\":true,\"valueName\":\"search_term_string\"}}],\"inLanguage\":\"ru-RU\"},{\"@type\":\"Organization\",\"@id\":\"https:\\\/\\\/restauranteodissei.es\\\/#organization\",\"name\":\"Restaurante Odissei\",\"url\":\"https:\\\/\\\/restauranteodissei.es\\\/\",\"logo\":{\"@type\":\"ImageObject\",\"inLanguage\":\"ru-RU\",\"@id\":\"https:\\\/\\\/restauranteodissei.es\\\/#\\\/schema\\\/logo\\\/image\\\/\",\"url\":\"http:\\\/\\\/restauranteodissei.es\\\/wp-content\\\/uploads\\\/Logo-1-1.png\",\"contentUrl\":\"http:\\\/\\\/restauranteodissei.es\\\/wp-content\\\/uploads\\\/Logo-1-1.png\",\"width\":465,\"height\":184,\"caption\":\"Restaurante Odissei\"},\"image\":{\"@id\":\"https:\\\/\\\/restauranteodissei.es\\\/#\\\/schema\\\/logo\\\/image\\\/\"},\"sameAs\":[\"https:\\\/\\\/www.facebook.com\\\/groups\\\/1592865247608490\\\/user\\\/100045490943863\"]}]}<\/script>\n<!-- \/ Yoast SEO plugin. -->","yoast_head_json":{"title":"Restaurante Odissei","description":"Cocina georgiana. Grill restaurante. Comida de Georgia en M\u00e1laga. Asador.","robots":{"index":"index","follow":"follow","max-snippet":"max-snippet:-1","max-image-preview":"max-image-preview:large","max-video-preview":"max-video-preview:-1"},"canonical":"https:\/\/restauranteodissei.es\/?page_id=1693","og_locale":"ru_RU","og_type":"article","og_title":"Restaurante Odissei","og_description":"Cocina georgiana. Grill restaurante. Comida de Georgia en M\u00e1laga. Asador.","og_url":"https:\/\/restauranteodissei.es\/?page_id=1693","og_site_name":"Restaurante Odissei","article_publisher":"https:\/\/www.facebook.com\/groups\/1592865247608490\/user\/100045490943863","article_modified_time":"2021-07-29T06:48:01+00:00","twitter_card":"summary_large_image","twitter_misc":{"\u041f\u0440\u0438\u043c\u0435\u0440\u043d\u043e\u0435 \u0432\u0440\u0435\u043c\u044f \u0434\u043b\u044f \u0447\u0442\u0435\u043d\u0438\u044f":"5 \u043c\u0438\u043d\u0443\u0442"},"schema":{"@context":"https:\/\/schema.org","@graph":[{"@type":"WebPage","@id":"https:\/\/restauranteodissei.es\/?page_id=1693","url":"https:\/\/restauranteodissei.es\/?page_id=1693","name":"Restaurante Odissei","isPartOf":{"@id":"https:\/\/restauranteodissei.es\/#website"},"datePublished":"2021-07-29T06:44:11+00:00","dateModified":"2021-07-29T06:48:01+00:00","description":"Cocina georgiana. Grill restaurante. Comida de Georgia en M\u00e1laga. Asador.","breadcrumb":{"@id":"https:\/\/restauranteodissei.es\/?page_id=1693#breadcrumb"},"inLanguage":"ru-RU","potentialAction":[{"@type":"ReadAction","target":["https:\/\/restauranteodissei.es\/?page_id=1693"]}]},{"@type":"BreadcrumbList","@id":"https:\/\/restauranteodissei.es\/?page_id=1693#breadcrumb","itemListElement":[{"@type":"ListItem","position":1,"name":"\u0413\u043b\u0430\u0432\u043d\u0430\u044f \u0441\u0442\u0440\u0430\u043d\u0438\u0446\u0430","item":"https:\/\/restauranteodissei.es\/"},{"@type":"ListItem","position":2,"name":"Restaurante Odissei","item":"https:\/\/restauranteodissei.es\/"},{"@type":"ListItem","position":3,"name":"Privacy Policy &#8212; Es"}]},{"@type":"WebSite","@id":"https:\/\/restauranteodissei.es\/#website","url":"https:\/\/restauranteodissei.es\/","name":"Restaurante Odissei","description":"Comida de Georgia en M\u00e1laga","publisher":{"@id":"https:\/\/restauranteodissei.es\/#organization"},"potentialAction":[{"@type":"SearchAction","target":{"@type":"EntryPoint","urlTemplate":"https:\/\/restauranteodissei.es\/?s={search_term_string}"},"query-input":{"@type":"PropertyValueSpecification","valueRequired":true,"valueName":"search_term_string"}}],"inLanguage":"ru-RU"},{"@type":"Organization","@id":"https:\/\/restauranteodissei.es\/#organization","name":"Restaurante Odissei","url":"https:\/\/restauranteodissei.es\/","logo":{"@type":"ImageObject","inLanguage":"ru-RU","@id":"https:\/\/restauranteodissei.es\/#\/schema\/logo\/image\/","url":"http:\/\/restauranteodissei.es\/wp-content\/uploads\/Logo-1-1.png","contentUrl":"http:\/\/restauranteodissei.es\/wp-content\/uploads\/Logo-1-1.png","width":465,"height":184,"caption":"Restaurante Odissei"},"image":{"@id":"https:\/\/restauranteodissei.es\/#\/schema\/logo\/image\/"},"sameAs":["https:\/\/www.facebook.com\/groups\/1592865247608490\/user\/100045490943863"]}]}},"_links":{"self":[{"href":"https:\/\/restauranteodissei.es\/index.php?rest_route=\/wp\/v2\/pages\/1693","targetHints":{"allow":["GET"]}}],"collection":[{"href":"https:\/\/restauranteodissei.es\/index.php?rest_route=\/wp\/v2\/pages"}],"about":[{"href":"https:\/\/restauranteodissei.es\/index.php?rest_route=\/wp\/v2\/types\/page"}],"author":[{"embeddable":true,"href":"https:\/\/restauranteodissei.es\/index.php?rest_route=\/wp\/v2\/users\/2"}],"replies":[{"embeddable":true,"href":"https:\/\/restauranteodissei.es\/index.php?rest_route=%2Fwp%2Fv2%2Fcomments&post=1693"}],"version-history":[{"count":6,"href":"https:\/\/restauranteodissei.es\/index.php?rest_route=\/wp\/v2\/pages\/1693\/revisions"}],"predecessor-version":[{"id":1702,"href":"https:\/\/restauranteodissei.es\/index.php?rest_route=\/wp\/v2\/pages\/1693\/revisions\/1702"}],"up":[{"embeddable":true,"href":"https:\/\/restauranteodissei.es\/index.php?rest_route=\/wp\/v2\/pages\/1656"}],"wp:attachment":[{"href":"https:\/\/restauranteodissei.es\/index.php?rest_route=%2Fwp%2Fv2%2Fmedia&parent=1693"}],"curies":[{"name":"wp","href":"https:\/\/api.w.org\/{rel}","templated":true}]}}